 4*a = -47. Let q(z) = z**3 - 3*z**2 + 2. Let s be q(1). Let y = a - s. What is the remainder when y is divided by 7?
5
Suppose 0 = 21*k - 6743 + 1304. Let w = -132 + k. What is the remainder when w is divided by 16?
15
Suppose 5*w - 2542 = 2808. Let v = w - 1000. What is the remainder when 205 is divided by v?
65
Let o = 75 + -480. Let t = 864 + o. Calculate the remainder when t is divided by 66.
63
Let w = 3564 - 3508. What is the remainder when 961 is divided by w?
9
Suppose -6*v - 10 = -4*v, o + 75 = 2*v. Let j = 418 + o. Calculate the remainder when j is divided by 24.
21
Let o be 1/10 - (-10197)/330. Calculate the remainder when o - (1/(-3))/(15/135) is divided by 10.
4
Suppose 17*r - 3216 - 2360 = 0. Suppose -148 = -2*l + 5*v - 2*v, 0 = -4*l - 2*v + r. What is the remainder when l is divided by 19?
4
Let p(c) = 8*c + 97. Let l be 21/(15/(-5)) - (1 + 2). Let t = 54 + -22. What is the remainder when t is divided by p(l)?
15
Let o(p) = 3*p**3 - 76*p**2 - 68*p + 469. Calculate the remainder when o(26) is divided by (-2 - (-16)/1) + -2.
5
Let m(v) = 40*v**2 - 23*v + 1. What is the remainder when m(5) is divided by 60?
46
Let c(b) = -3*b - 21. Let j be c(-5). Calculate the remainder when 158 is divided by 18*(-3)/j*1/3.
2
Let g be (2 - -2) + -6 + -2 + 7. Calculate the remainder when 91 is divided by (2/g)/((-2)/(-81)).
10
Let y be ((-8328)/(-14))/((-14)/(-539)). What is the remainder when 1/(-7) - y/(-231) is divided by 10?
9
Suppose -3*g + c + 419 = 0, 5*g - 3*c - 1071 + 378 = 0. Calculate the remainder when g is divided by 40.
21
Suppose -71*d = -1410 - 10. Suppose 2*r + 14 = 5*o, -4*o - 2*r + 33 - 11 = 0. What is the remainder when (0 + o)/((-10)/(-145)) is divided by d?
18
Let r = -40 + 97. Let s(q) = -3*q**2 + 6*q. Let h be s(2). Suppose 5*m - 20 = -3*v, -3*v - m - 3*m + 19 = h. Calculate the remainder when r is divided by v.
2
Let a(m) = m**3 - 5*m**2 + 6*m + 5. Let y be a(3). Suppose -167 = -y*j + 188. Let i(t) = 8*t**2 - 4*t - 3. What is the remainder when j is divided by i(-2)?
34
Let c(t) = -18*t - 4. Suppose 332*h + 1060 = 366*h - 28. What is the remainder when c(-5) is divided by h?
22
Let w = -6 - -9. Suppose -w*t + 4*m - 35 = -8*t, 0 = -2*t - 3*m + 14. Let o = -6 + 31. What is the remainder when o is divided by t?
4
Let r(c) = -588*c - 1138. Calculate the remainder when 3720 is divided by r(-2).
34
Suppose 5*n = 4*q - 6, 18 = 5*n + 8*q - 6*q. What is the remainder when 36*(-105)/(-14) - n*1 is divided by 30?
28
Let d(a) = -10*a - 62. Let q be d(17). Let i = -187 - q. Suppose -5*o + 3*m = -55, 3*o - 3*m - 17 - 22 = 0. What is the remainder when i is divided by o?
5
Suppose 628 = 5*g - 302. Let o(f) = 10*f + 157. What is the remainder when g is divided by o(-11)?
45
What is the remainder when 1779 is divided by 5 - -4*(4 - 1*(-68)/(-16))?
3
Calculate the remainder when (459 - (-330)/15)/1 is divided by 462.
19
Let s(h) = 12*h**2 - 37*h + 291. Let u be s(9). Let z = -865 + u. What is the remainder when 139 is divided by z?
9
What is the remainder when 110 is divided by (-6)/(-14)*2/(-3) + (-213560)/(-3934)?
2
Let p = 5451 - 2763. What is the remainder when p is divided by 672?
0
Let x(t) = -68 - 8*t**2 + 3*t**3 + 72 - 10*t + 3*t - 4*t**3. Suppose -91 - 182 = -7*l. Calculate the remainder when x(-9) is divided by l.
31
Let o be (-1 - -1) + -47*(-1)/1. Let j = o + -98. Let f = -44 - j. Calculate the remainder when 30 is divided by f.
2
Suppose 0 = 3700*x - 3816*x + 11716. What is the remainder when 1262 is divided by x?
50
Let q(a) = -2*a**2 - 44*a + 39. Let s(y) = y**2 + 23*y - 78. What is the remainder when q(-18) is divided by s(5)?
59
Let v(j) = -2*j**2 + 274*j - 2304. What is the remainder when v(109) is divided by 2?
0
Let k be -564 - ((-33)/22 - (-10)/(-4)). Let q = 578 + k. What is the remainder when 85 is divided by q?
13
Let j(q) = q**2 - 10*q + 3. Let t be j(10). Suppose -t*y + y - 4*s = -60, 4*s - 144 = -5*y. What is the remainder when (-2014)/(-30) - y/210 is divided by 18?
13
Suppose 3236 = 4*o - 3*f, 16*f - 1638 = -2*o + 20*f. What is the remainder when 830 is divided by o?
27
Suppose -78 = 3*j - 2*m, -4 - 8 = -4*m. Let n = 52 - j. Calculate the remainder when n is divided by 39.
37
Suppose -30*g + 27*g = -243. Suppose 5*w = -4*u + 83, -2*u - 4*w = -27 - 13. Calculate the remainder when g is divided by u.
15
Let j(q) = 27*q + 9. Let y be j(-2). Let n = y - -47. Suppose n*i - 23 = -0*i - 3*k, -k = 5*i - 90. Calculate the remainder when i is divided by 8.
3
Suppose -42*s = -2*f - 44*s + 648, 1684 = 5*f - 3*s. What is the remainder when f is divided by 36?
8
Let n be ((20/(-30))/(-2))/((-1)/(-9)). Suppose -w + 113 = 5*u - 0*w, -63 = -n*u - 3*w. What is the remainder when 47 is divided by u?
1
Let o(j) = -13*j + 267. What is the remainder when o(5) is divided by 109?
93
Let l = -3597 + 3604. Suppose -g - 4*g + 8 = -4*r, 0 = 2*r - 2*g + 2. Suppose 24 = r*c - c. Calculate the remainder when c is divided by l.
5
Let u(q) = -8 + 167*q - 6 + 21*q - 22. Calculate the remainder when u(2) is divided by 43.
39
Let p(n) = 1551*n + 67. Let f(y) = 9*y + 2. Calculate the remainder when p(0) is divided by f(4).
29
Suppose -10*q = -75 - 365. Let k be ((-1)/2)/((-4)/(-264)). Let m = k + q. What is the remainder when m is divided by 6?
5
Let p(s) = -11*s + 142. Calculate the remainder when p(3) is divided by 78.
31
Let g = -2776 + 3908. What is the remainder when g is divided by 14?
12
Suppose 0*g + 75 = 2*g + 5*f, -4*g + 5*f + 105 = 0. Let t be 2/3*(31 - 160). Let m = t + 144. What is the remainder when m is divided by g?
28
Suppose d = -3*f + 48, -5*d + 2*f = 5*f - 240. Suppose 217 = k + 200. Calculate the remainder when d is divided by k.
14
Suppose -24*j = -25*j + t + 309, 3*t + 1241 = 4*j. Calculate the remainder when j is divided by 114.
86
Suppose 95634 = -12*z + 96198. What is the remainder when 5072 is divided by z?
43
Suppose 12628 = 260*w + 27*w. What is the remainder when 3514 is divided by w?
38
Let c = 853 - 847. What is the remainder when 77 is divided by c?
5
Let j(q) = 2*q**2 - 7*q - 70. Let m be j(-16). Let c = -549 + m. Calculate the remainder when 18 is divided by c.
3
Let r be 8/2*7/14. Suppose f = 0, -f - 62 + 18 = -r*u. Let i(o) = 3*o**3 - 9*o**2 - 4*o + 4. Calculate the remainder when i(4) is divided by u.
14
Let m(g) = -21*g - 1108. What is the remainder when 1813 is divided by m(-54)?
19
Let w = 11414 - 9680. What is the remainder when w is divided by 79?
75
Suppose 97*z - 537 + 3297 = 120*z. What is the remainder when 2148 is divided by z?
108
Let v be (2 - -1106) + (-3 - 16/(-4)). Suppose 10*h = -99 + v. What is the remainder when h is divided by 29?
14
Suppose -t = -4*k + 43, k + 5*t - 27 - 10 = 0. Let i(x) = x**3 + 27*x**2 - 37*x - 1029. Calculate the remainder when i(-26) is divided by k.
9
Suppose -47*k - 10*k + 3411 = 105. What is the remainder when 1794 is divided by k?
54
Let q = 1124 + -993. Let r = 77 + -55. Calculate the remainder when q is divided by r.
21
Suppose 2519 = 17*k - 3298 - 14073. Calculate the remainder when k is divided by 47.
42
Suppose 582 = 2*g + m, -3 = -4*m + 5. Let z = g - 166. What is the remainder when z is divided by 7?
5
Suppose 22*z - 13*z - 30132 = 0. Suppose 19*w + z = 50*w. Calculate the remainder when w is divided by 23.
16
Let w = 2724 - -11550. What is the remainder when 5/(70/(-8)) - w/(-63) is divided by 47?
38
Suppose 33*r + 13*r - 2729 - 307 = 0. Calculate the remainder when 578 is divided by r.
50
Suppose 16*v = -0*v + 128. Suppose v*k = 11*k + 4*m - 269, k - 91 = -2*m. Calculate the remainder when k is divided by 21.
3
Suppose -f - y = -115, -99 - 1 = -f - 4*y. Suppose 26*m = 88 + f. What is the remainder when m is divided by 4?
0
Suppose 213 = -3*c - 2235. Let t = 1149 + c. What is the remainder when t is divided by 85?
78
Let i(a) = -a**3 - 60*a**2 - 812*a + 47. Calculate the remainder when i(-20) is divided by 184.
103
Let u(t) = t**2 - 56*t + 261. Calculate the remainder when 287 is divided by u(53).
83
Suppose 0 = -5*t - 4*j + 62, 2*t + 2*j - 52 = -2*t. Suppose -4*k + t + 34 = 0. Calculate the remainder when k is divided by 11.
1
Let h = 177 - 171. Suppose -2*r + 0*r - 12 = -4*w, r - h = -w. Calculate the remainder when 16 is divided by r.
0
Suppose -2044 